 l - y**2 - 4*y. Let h = 0 + 3. Determine m(h).
-1
Let a(y) be the third derivative of 0*y - 3/2*y**3 - 2*y**2 + 0 + 1/24*y**4. Give a(6).
-3
Let r(i) be the first derivative of i**3/6 - 5*i**2 + 2*i + 5. Let n(q) be the first derivative of r(q). Give n(5).
-5
Let w be (-6 - 0)/(-1) + -1. Let x(c) be the first derivative of c**3/3 - 2*c**2 + c - 5. Calculate x(w).
6
Let m(t) = -t**2 - 5*t - 2. Let u be m(-3). Suppose -2*s + u = -4. Let h(q) = q**3 - 3*q**2 - 4*q - 1. Give h(s).
-1
Let k(r) = r**2 + 5*r + 3. Let c(h) = h**2 - 9*h - 10. Let d be c(9). Let g = d + 5. Determine k(g).
3
Let b = 15 + 15. Let s be (-102)/b - (-4)/10. Let x(l) = -2*l - 1. What is x(s)?
5
Suppose 0*x = -2*d + 2*x - 4, -2*x = 0. Let v(j) = 3*j + 2. What is v(d)?
-4
Suppose 0 = t + t - 12. Let j(k) = -k + 1. Let c(f) = 9*f - 2. Let x(l) = 4*l - 1. Let w(a) = 2*c(a) - 5*x(a). Let p(g) = -3*j(g) + 2*w(g). Calculate p(t).
-7
Let h(d) = -d + 9. Let z be h(9). Let s(t) be the second derivative of 0 + 0*t**3 - 1/20*t**5 + 0*t**2 - 2*t - 1/12*t**4. Give s(z).
0
Let k = -57 - -60. Let i(z) be the third derivative of -5/24*z**4 + 0*z + 4*z**2 + 0 - 1/2*z**k. Give i(-2).
7
Let q(a) = 2*a**3 + a**2 - 2. Suppose 3*i + 12 = -3*i. Give q(i).
-14
Let f(h) = -h**2 + 7*h - 5. Let m = -83 + 90. Calculate f(m).
-5
Suppose -5*o - 4*p = 26, o - 3 = 2*o + 3*p. Let f(u) = u**2 + 4*u - 4. Give f(o).
8
Let k(i) = i + 1. Let o(c) = -3*c - 3. Suppose 0 = 3*f - 4 + 1. Let n(b) = f*o(b) + 5*k(b). Calculate n(3).
8
Let w(z) be the first derivative of z**2/2 - 9*z - 1. Suppose 4*h = -3 + 19. Give w(h).
-5
Let f be (8 + -2)*4/6. Suppose -2*r + 0*r - 2*q - 8 = 0, f*r + q + 16 = 0. Let b(j) = -3 + 4*j - 3*j + 6. Calculate b(r).
-1
Let q(h) = -h + 10. Let l be q(4). Let m(f) = f**3 - 7*f**2 + 4*f + 2. Calculate m(l).
-10
Let g(c) = 22*c. Let b(v) = -7*v. Let w(h) = 10*b(h) + 3*g(h). Give w(1).
-4
Let t(s) = s**2 + 1. Let v(w) = -w**2 - 8*w + 4. Let j be v(-7). Suppose 5*r = 4*f + 7, 0*r + j = r - 4*f. Determine t(r).
2
Suppose u - 3*y = 12 - 4, -2*u - 3*y = -16. Let o(z) = z**3 - 8*z**2 + z - 2. What is o(u)?
6
Suppose 6*h - s = h + 9, s + 1 = -3*h. Let w(p) = 5*p. What is w(h)?
5
Let g(h) = -h**3 - h**2 - 10*h + 4. Let r(a) = -a**3 - 11*a + 5. Let j(f) = -6*g(f) + 5*r(f). Calculate j(-5).
1
Let z(q) = 9*q - 4. Let l(c) = 10*c - 5. Let d(b) = 4*l(b) - 5*z(b). Give d(-5).
25
Suppose -2 = -l + 3*l. Let x(d) be the third derivative of -3*d**4/8 + d**2. Determine x(l).
9
Let n(w) = -4*w. Let h(i) = 7*i. Let t(g) = 6*h(g) + 10*n(g). Let x = 9 - 4. Let z = 9 - x. What is t(z)?
8
Suppose 5*y - 3*k = 7, -7 = 5*y + k - 18. Let f = -13 - -6. Let w = y + f. Let r(j) = -j**3 - 6*j**2 - 7*j. Calculate r(w).
10
Let a(h) = h - 1. Let b = 133 + -135. What is a(b)?
-3
Let s(u) = 2 - u**2 - u - u + 1 + 1. Suppose l + 3*l = 12, -15 = 4*w - l. Give s(w).
1
Let d(q) = -q**2 + 7*q - 4. Let r be d(7). Let l(g) = -19*g + 3. Let v(u) = -9*u + 1. Let i(x) = -6*l(x) + 13*v(x). Calculate i(r).
7
Let y(v) be the third derivative of 0*v**3 + 0 - 2*v**2 - 1/6*v**4 + 0*v. Let z be (0 - -1)*(-1 - 1). Calculate y(z).
8
Let u = -4 - -4. Let k(z) = z**2 + z + 4. Let p be k(u). Let a(f) = f**3 - f - 2 - p*f**2 + 4*f + 0*f**2. Determine a(3).
-2
Let v(o) = -o. Let z(a) = -2*a - 6. Let n(y) = -4*v(y) + z(y). Let x = -25 - -29. Let k be n(x). Let p(l) = -l**2 - l. Determine p(k).
-6
Let g(l) = l + 11. Suppose 14*m - 24 + 164 = 0. Give g(m).
1
Let c(z) = -z**2 + z - 6. Let g(y) = -3*y**2 + 8*y - 1. Let p(x) = -x**2 + x. Let b(m) = -g(m) + 4*p(m). Let f be b(-3). Suppose -3*n + f*n = 0. What is c(n)?
-6
Let n(p) = p + 1. Let t be n(2). Let d(c) = -t*c + c - 3 + c + 3*c. Give d(2).
1
Let k(b) be the second derivative of -b**5/4 + b**4/12 - b**2/2 + 10*b. What is k(1)?
-5
Let i(p) be the second derivative of -p**3/3 - 7*p**2/2 + p. Suppose -35 = 5*c + 2*w + 1, 2*c - 4*w = 0. Determine i(c).
5
Let v(p) = -p**3 + 9*p**2 - 9*p + 12. Let x be v(8). Suppose 3*m + x + 14 = 0. Let d(u) = -u**3 - 6*u**2 - u - 8. Calculate d(m).
-2
Let g(h) = 9*h**2 + 5*h + 2. Let l(o) = -2*o**2 + 2. Let p(v) = -v**2 - v - 1. Let i(m) = l(m) + 3*p(m). Let b(u) = 6*g(u) + 11*i(u). What is b(-4)?
-3
Let y(t) = -50*t + 2*t**2 + 46*t - t**2. What is y(4)?
0
Let n(p) = -8*p. Let d be ((-2)/(-3))/(8/(-12)). Let f be n(d). Suppose -x = -3 + f. Let s(r) = -r**2 - 3*r + 3. What is s(x)?
-7
Let m(o) = -o**2 + 3. Let r be m(3). Let f(x) = -x - 7. What is f(r)?
-1
Suppose -4*m = 13 - 53. Let w(l) = l. Let j(c) = c**2 - 6*c + 13. Let t(h) = j(h) - 5*w(h). Let r be t(m). Let i(a) = -a**2 + 2*a + 2. What is i(r)?
-1
Let g(w) be the third derivative of -w**4/12 + w**3/2 - w**2. Let t(h) = -h**3 + 2*h**2 + 3*h. Let p be t(-2). Suppose p = 2*x + 3*x. Calculate g(x).
-1
Let y(t) = t**2 - t. Let r be y(2). Suppose -i - r*i = 15. Let h(g) = g + 6 - 2 + 1 - 3. What is h(i)?
-3
Let n(d) = 3 - 3 + 3 - d - 2*d. Give n(-3).
12
Let a = -8 - -18. Let i(m) = -2 - 4 + 5 + a*m. Give i(-1).
-11
Let f(q) = -q + 2. Suppose 0*t = -2*t. Suppose 3*s + r - 18 = -r, 4*r = t. Determine f(s).
-4
Let h be ((-10)/(-4))/((-3)/(-6)). Let a(n) = -2*n - 7. Calculate a(h).
-17
Let a(b) = -4*b**3 + 1 + 2 - b + 5*b**2 + 3*b**3 - 4*b. Let s be (4 - 1)*4/(-3). Let q be (-7 - s)/(-1 - 0). Determine a(q).
6
Let z(c) = -2*c**2 + 3*c. Suppose 2*q - 3*u + 0 = 3, -q = -4*u - 9. Let l be (1*-9)/q + 1. Suppose 0 = p + 3*f + 7, -f - 9 = 3*p + l*f. Calculate z(p).
-2
Let u(k) = -k**3 - 5*k**2 - 2*k + 1. Suppose 4*n = 5*n + 3. Let a be 1/((3/n)/(-2)). Suppose -a*q = -2*x + 2, -2*x = 2*x - 2*q + 2. Determine u(x).
-7
Suppose 0*y - y - 2 = 4*r, 2*r = -5*y - 10. Let x = -1 - -4. Let m(u) = -1 - 4*u - u**2 - u + 5*u - u**x. Give m(r).
-1
Let h(u) = -3*u + 5. Let z(q) = -7*q + 11. Let m(g) = 5*h(g) - 2*z(g). Suppose -4*r + 6 = -r. Suppose -2*k + 4*p = 3*k + 8, r = 2*k + p. Give m(k).
3
Let x be -1*(1 - (1 - 1)). Let f be -1 + 1 - (-7 + x). Let n be 3*(f/6)/(-4). Let t(o) = -4*o. What is t(n)?
4
Let d(p) = 2*p - 12. Let k be d(5). Let u be (0 + -3)/((-2)/k). Let t(a) = a**3 + 3*a**2 - 2*a + 1. What is t(u)?
7
Let i(q) = q**2 - 5*q - 4. Let h be i(6). Suppose -2*z = 3*o + 9, -z + h*z = o + 3. Let k(x) = x - x + x + z. What is k(3)?
3
Suppose -c - 2*q = 2, -5*q = 5*c - q - 2. Let i(n) = n + 1. Let u be i(1). Let x(k) = 3*k + 0*k - 5*k + 2*k**2 - u. What is x(c)?
2
Let k(h) = -h**2 + 5*h + 1. Let m be k(5). Let o(r) = -m + r - 3 + 2. Let q = -1 + 2. Give o(q).
-1
Let p = 5 - 10. Let v(k) = 3*k**2 + 0*k**3 - 2*k**3 - 2*k**3 + 8 + 2*k. Let d(w) = 3*w**3 - 3*w**2 - 2*w - 7. Let r(z) = p*v(z) - 6*d(z). Give r(-2).
-6
Let a = -7 - -15. Let t be (a/(-12))/((-2)/6). Let n(o) = o**t - o + 6*o - o**3 - 4*o - 3. Determine n(0).
-3
Let v be 2*3/(-12)*10. Let q(i) be the second derivative of 1/2*i**2 - 1/12*i**4 + 0 - 5/6*i**3 + 2*i. Calculate q(v).
1
Let u be (22 - 12)/(2 - 0). Let p(a) = 4*a**3 - u*a**3 + 4*a - 3*a. Let j(d) = -d - 7. Let r be j(-6). Determine p(r).
0
Let f(l) = l**3 + 4*l**2 - 3*l + 4. Let x(n) = 4*n - 49. Let a be x(11). Calculate f(a).
-6
Let m(q) = q**3 + 5*q**2 - 6*q + 1. Suppose 14 = 4*t - 50. Suppose t + 8 = -2*h. Let n = h + 6. Determine m(n).
1
Suppose 2*n + 5 = x, -n - 2*x + 10 + 0 = 0. Suppose n*i + 10 = -3*r + 2*i, 3*i = r + 8. Let u(t) = -t**3 - 2*t**2 + t. Give u(r).
-2
Let n(p) = 2*p**3 + 13*p**2 - 7*p - 8. Let d be n(-7). Let m(b) = -b**2 - 7*b + 5. Calculate m(d).
-3
Let u = 2 + 2. Let l(f) = -3*f**3 + f**2 - f - u*f**2 + 4*f**2 - 2*f**2. What is l(-1)?
3
Let c(l) be the second derivative of l**5/20 + l**4/3 + l**3/2 + 19*l. Give c(-2).
2
Let y(r) = r + 7. Let s be y(-8). Let x(j) = -5*j**3 - 1. Calculate x(s).
4
Let q be (-3 - 3)/(6/(-4)). Let f(c) = 6 - 3 - q - 4*c + 3*c. Calculate f(2).
-3
Let p = 2 + 2. Let v(j) = -10 - 2*j + 11 + p*j. Suppose u = 5*l + 6, 3*u + u - 2 = -2*l. Determine v(l).
-1
Let n(d) = d + 7. Suppose -2*q - 4*l - 4 - 4 = 0, 5*q - 5*l = -35. Calculate n(q).
1
Let s(q) = 4*q + 16. Let m(f) = 5*f + 16. Let y(d) = -3*m(d) + 4*s(d). Calculate y(0).
16
Let u(y) = -3*y + y - 2 + 4 + 3*y. Determine u(-5).
-3
Let q(y) = y**3 - y**2 - y + 1. Let s(j) = 11*j**3 - 4*j**2 - 3*j + 4. Let c(x) = 4*q(x) - s(x). What is c(-1)?
8
Let v(a) = 14*a**2 + 1. Let k(i) = 2*i + 11. Let q be k(-6). Give v(q).
15
Suppos